{"id":577,"date":"2017-05-07T23:05:37","date_gmt":"2017-05-07T21:05:37","guid":{"rendered":"http:\/\/montanaaventure.com\/?page_id=577"},"modified":"2024-09-18T11:41:28","modified_gmt":"2024-09-18T09:41:28","slug":"raid-personnalise-2020","status":"publish","type":"page","link":"https:\/\/montanaaventure.com\/index.php\/raid-personnalise-2020\/","title":{"rendered":"RAID PERSONNALISE"},"content":{"rendered":"<p>&nbsp;<\/p>\n<h1><span style=\"color: #ff0000;\">MONTANA AVENTURE <img loading=\"lazy\" decoding=\"async\" class=\"alignnone size-full wp-image-272\" src=\"https:\/\/montanaaventure.com\/wp-content\/uploads\/2017\/05\/image3441.png\" alt=\"\" width=\"62\" height=\"59\"><\/span><span style=\"color: #ff0000;\">RAID PERSONNALISE<br \/>\n<\/span><\/h1>\n<table>\n<tbody>\n<tr>\n<td><span style=\"color: #ff0000;\">En Famille ou entre Amis, organisez vous-m\u00eame votre Raid Motoneige *<\/span><\/td>\n<\/tr>\n<\/tbody>\n<\/table>\n<p>&nbsp;<\/p>\n<table>\n<tbody>\n<tr>\n<td style=\"width: 25%; vertical-align: middle;\"><img loading=\"lazy\" decoding=\"async\" class=\"alignnone wp-image-398 aligncenter\" src=\"https:\/\/montanaaventure.com\/wp-content\/uploads\/2017\/05\/image706.jpg\" alt=\"\" width=\"112\" height=\"75\"><\/td>\n<td style=\"width: 50%; text-align: center; vertical-align: middle;\">\u00e0 d\u00e9finir avec Montana- Aventure : les sentiers, les \u00e9tapes, les h\u00e9bergements pour b\u00e9n\u00e9ficier d\u2019un raid sur mesure et d\u2019un forfait personnalis\u00e9<br \/>\n(7 motoneiges minimum, 3 ou 4 jours de motoneige, conseill\u00e9 )<br \/>\npossibilit\u00e9 d\u02bcorganiser udes Raids Grand Nord \u00e0 la carte 5\/6 jours de ski-doo<br \/>\ndemandez nous un devis<\/td>\n<td style=\"width: 25%; vertical-align: middle;\"><img loading=\"lazy\" decoding=\"async\" class=\"alignnone wp-image-397 aligncenter\" src=\"https:\/\/montanaaventure.com\/wp-content\/uploads\/2017\/05\/image704.jpg\" alt=\"\" width=\"112\" height=\"75\"><\/td>\n<\/tr>\n<\/tbody>\n<\/table>\n<p>&nbsp;<\/p>\n<table style=\"width: 100%;\">\n<tbody>\n<tr>\n<td style=\"text-align: center; vertical-align: middle; width: 57.5862%;\"><img loading=\"lazy\" decoding=\"async\" class=\"wp-image-399 alignleft\" src=\"https:\/\/montanaaventure.com\/wp-content\/uploads\/2017\/05\/image708-300x225.jpg\" alt=\"\" width=\"293\" height=\"219\" srcset=\"https:\/\/montanaaventure.com\/wp-content\/uploads\/2017\/05\/image708-300x225.jpg 300w, https:\/\/montanaaventure.com\/wp-content\/uploads\/2017\/05\/image708-285x214.jpg 285w, https:\/\/montanaaventure.com\/wp-content\/uploads\/2017\/05\/image708.jpg 359w\" sizes=\"auto, (max-width: 293px) 100vw, 293px\" \/><\/td>\n<td style=\"text-align: center; vertical-align: middle; width: 41.0345%;\"><img loading=\"lazy\" decoding=\"async\" class=\"wp-image-396 alignright\" src=\"https:\/\/montanaaventure.com\/wp-content\/uploads\/2017\/05\/image703.jpg\" alt=\"\" width=\"285\" height=\"219\"><\/td>\n<\/tr>\n<tr>\n<td style=\"text-align: center; vertical-align: middle; width: 57.5862%;\"><img loading=\"lazy\" decoding=\"async\" class=\"wp-image-394 alignleft\" src=\"https:\/\/montanaaventure.com\/wp-content\/uploads\/2017\/05\/image698-300x157.jpg\" alt=\"\" width=\"478\" height=\"250\" srcset=\"https:\/\/montanaaventure.com\/wp-content\/uploads\/2017\/05\/image698-300x157.jpg 300w, https:\/\/montanaaventure.com\/wp-content\/uploads\/2017\/05\/image698.jpg 340w\" sizes=\"auto, (max-width: 478px) 100vw, 478px\" \/><\/td>\n<td style=\"text-align: center; vertical-align: middle; width: 41.0345%;\"><img loading=\"lazy\" decoding=\"async\" class=\"wp-image-388 alignright\" src=\"https:\/\/montanaaventure.com\/wp-content\/uploads\/2017\/05\/image681-300x225.jpg\" alt=\"\" width=\"333\" height=\"250\" srcset=\"https:\/\/montanaaventure.com\/wp-content\/uploads\/2017\/05\/image681-300x225.jpg 300w, https:\/\/montanaaventure.com\/wp-content\/uploads\/2017\/05\/image681-285x214.jpg 285w, https:\/\/montanaaventure.com\/wp-content\/uploads\/2017\/05\/image681.jpg 350w\" sizes=\"auto, (max-width: 333px) 100vw, 333px\" \/><\/td>\n<\/tr>\n<tr>\n<td style=\"text-align: center; vertical-align: middle; width: 57.5862%;\"><img loading=\"lazy\" decoding=\"async\" class=\"wp-image-370 alignleft\" src=\"https:\/\/montanaaventure.com\/wp-content\/uploads\/2017\/05\/image622-300x220.jpg\" alt=\"\" width=\"341\" height=\"250\" srcset=\"https:\/\/montanaaventure.com\/wp-content\/uploads\/2017\/05\/image622-300x220.jpg 300w, https:\/\/montanaaventure.com\/wp-content\/uploads\/2017\/05\/image622.jpg 409w\" sizes=\"auto, (max-width: 341px) 100vw, 341px\" \/><\/td>\n<td style=\"text-align: center; vertical-align: middle; width: 41.0345%;\"><img loading=\"lazy\" decoding=\"async\" class=\"wp-image-318 alignright\" src=\"https:\/\/montanaaventure.com\/wp-content\/uploads\/2017\/05\/image491-234x300.jpg\" alt=\"\" width=\"195\" height=\"250\"><\/td>\n<\/tr>\n<\/tbody>\n<\/table>\n<p>&nbsp;<\/p>\n<table>\n<tbody>\n<tr>\n<td style=\"width: 25%;\"><img loading=\"lazy\" decoding=\"async\" class=\"size-full wp-image-278 alignleft\" src=\"https:\/\/montanaaventure.com\/wp-content\/uploads\/2017\/05\/image4691.png\" alt=\"\" width=\"97\" height=\"53\"><\/td>\n<td style=\"width: 50%; text-align: center;\"><strong><span style=\"color: #ff0000;\">Montana &#8211; Aventure<\/span><\/strong><\/td>\n<td style=\"width: 25%;\"><img loading=\"lazy\" decoding=\"async\" class=\"size-full wp-image-293 alignright\" src=\"https:\/\/montanaaventure.com\/wp-content\/uploads\/2017\/05\/image8541.png\" alt=\"\" width=\"96\" height=\"53\"><\/td>\n<\/tr>\n<\/tbody>\n<\/table>\n<p>&nbsp;<\/p>\n","protected":false},"excerpt":{"rendered":"<p>&nbsp; MONTANA AVENTURE RAID PERSONNALISE En Famille ou entre Amis, organisez vous-m\u00eame votre Raid Motoneige * &nbsp; \u00e0 d\u00e9finir avec Montana- Aventure : les sentiers, les \u00e9tapes, les h\u00e9bergements pour b\u00e9n\u00e9ficier d\u2019un raid sur mesure et d\u2019un forfait personnalis\u00e9 (7 motoneiges minimum, 3 ou 4 jours de motoneige, conseill\u00e9 ) possibilit\u00e9 d\u02bcorganiser udes Raids Grand <a href=\"https:\/\/montanaaventure.com\/index.php\/raid-personnalise-2020\/\" rel=\"nofollow\"><span class=\"sr-only\">En savoir plus surRAID PERSONNALISE<\/span>[&#8230;]<\/a><\/p>\n","protected":false},"author":1,"featured_media":0,"parent":0,"menu_order":0,"comment_status":"closed","ping_status":"closed","template":"template-fullwidth.php","meta":{"ngg_post_thumbnail":0,"footnotes":""},"class_list":["post-577","page","type-page","status-publish","hentry"],"yoast_head":"<!-- This site is optimized with the Yoast SEO plugin v27.2 - https:\/\/yoast.com\/product\/yoast-seo-wordpress\/ -->\n<title>RAID PERSONNALISE - MONTANA AVENTURE<\/title>\n<meta name=\"robots\" content=\"index, follow, max-snippet:-1, max-image-preview:large, max-video-preview:-1\" \/>\n<link rel=\"canonical\" href=\"https:\/\/montanaaventure.com\/index.php\/raid-personnalise-2020\/\" \/>\n<meta property=\"og:locale\" content=\"fr_FR\" \/>\n<meta property=\"og:type\" content=\"article\" \/>\n<meta property=\"og:title\" content=\"RAID PERSONNALISE - MONTANA AVENTURE\" \/>\n<meta property=\"og:description\" content=\"&nbsp; MONTANA AVENTURE RAID PERSONNALISE En Famille ou entre Amis, organisez vous-m\u00eame votre Raid Motoneige * &nbsp; \u00e0 d\u00e9finir avec Montana- Aventure : les sentiers, les \u00e9tapes, les h\u00e9bergements pour b\u00e9n\u00e9ficier d\u2019un raid sur mesure et d\u2019un forfait personnalis\u00e9 (7 motoneiges minimum, 3 ou 4 jours de motoneige, conseill\u00e9 ) possibilit\u00e9 d\u02bcorganiser udes Raids Grand En savoir plus surRAID PERSONNALISE[...]\" \/>\n<meta property=\"og:url\" content=\"https:\/\/montanaaventure.com\/index.php\/raid-personnalise-2020\/\" \/>\n<meta property=\"og:site_name\" content=\"MONTANA AVENTURE\" \/>\n<meta property=\"article:modified_time\" content=\"2024-09-18T09:41:28+00:00\" \/>\n<meta property=\"og:image\" content=\"http:\/\/montanaaventure.com\/wp-content\/uploads\/2017\/05\/image3441.png\" \/>\n<meta name=\"twitter:card\" content=\"summary_large_image\" \/>\n<meta name=\"twitter:label1\" content=\"Dur\u00e9e de lecture estim\u00e9e\" \/>\n\t<meta name=\"twitter:data1\" content=\"3 minutes\" \/>\n<script type=\"application\/ld+json\" class=\"yoast-schema-graph\">{\"@context\":\"https:\/\/schema.org\",\"@graph\":[{\"@type\":\"WebPage\",\"@id\":\"https:\/\/montanaaventure.com\/index.php\/raid-personnalise-2020\/\",\"url\":\"https:\/\/montanaaventure.com\/index.php\/raid-personnalise-2020\/\",\"name\":\"RAID PERSONNALISE - MONTANA AVENTURE\",\"isPartOf\":{\"@id\":\"https:\/\/montanaaventure.com\/#website\"},\"primaryImageOfPage\":{\"@id\":\"https:\/\/montanaaventure.com\/index.php\/raid-personnalise-2020\/#primaryimage\"},\"image\":{\"@id\":\"https:\/\/montanaaventure.com\/index.php\/raid-personnalise-2020\/#primaryimage\"},\"thumbnailUrl\":\"http:\/\/montanaaventure.com\/wp-content\/uploads\/2017\/05\/image3441.png\",\"datePublished\":\"2017-05-07T21:05:37+00:00\",\"dateModified\":\"2024-09-18T09:41:28+00:00\",\"breadcrumb\":{\"@id\":\"https:\/\/montanaaventure.com\/index.php\/raid-personnalise-2020\/#breadcrumb\"},\"inLanguage\":\"fr-FR\",\"potentialAction\":[{\"@type\":\"ReadAction\",\"target\":[\"https:\/\/montanaaventure.com\/index.php\/raid-personnalise-2020\/\"]}]},{\"@type\":\"ImageObject\",\"inLanguage\":\"fr-FR\",\"@id\":\"https:\/\/montanaaventure.com\/index.php\/raid-personnalise-2020\/#primaryimage\",\"url\":\"http:\/\/montanaaventure.com\/wp-content\/uploads\/2017\/05\/image3441.png\",\"contentUrl\":\"http:\/\/montanaaventure.com\/wp-content\/uploads\/2017\/05\/image3441.png\"},{\"@type\":\"BreadcrumbList\",\"@id\":\"https:\/\/montanaaventure.com\/index.php\/raid-personnalise-2020\/#breadcrumb\",\"itemListElement\":[{\"@type\":\"ListItem\",\"position\":1,\"name\":\"Accueil\",\"item\":\"https:\/\/montanaaventure.com\/\"},{\"@type\":\"ListItem\",\"position\":2,\"name\":\"RAID PERSONNALISE\"}]},{\"@type\":\"WebSite\",\"@id\":\"https:\/\/montanaaventure.com\/#website\",\"url\":\"https:\/\/montanaaventure.com\/\",\"name\":\"MONTANA AVENTURE\",\"description\":\"RAID MOTONEIGE EN REGION SAUVAGE\",\"potentialAction\":[{\"@type\":\"SearchAction\",\"target\":{\"@type\":\"EntryPoint\",\"urlTemplate\":\"https:\/\/montanaaventure.com\/?s={search_term_string}\"},\"query-input\":{\"@type\":\"PropertyValueSpecification\",\"valueRequired\":true,\"valueName\":\"search_term_string\"}}],\"inLanguage\":\"fr-FR\"}]}<\/script>\n<!-- \/ Yoast SEO plugin. -->","yoast_head_json":{"title":"RAID PERSONNALISE - MONTANA AVENTURE","robots":{"index":"index","follow":"follow","max-snippet":"max-snippet:-1","max-image-preview":"max-image-preview:large","max-video-preview":"max-video-preview:-1"},"canonical":"https:\/\/montanaaventure.com\/index.php\/raid-personnalise-2020\/","og_locale":"fr_FR","og_type":"article","og_title":"RAID PERSONNALISE - MONTANA AVENTURE","og_description":"&nbsp; MONTANA AVENTURE RAID PERSONNALISE En Famille ou entre Amis, organisez vous-m\u00eame votre Raid Motoneige * &nbsp; \u00e0 d\u00e9finir avec Montana- Aventure : les sentiers, les \u00e9tapes, les h\u00e9bergements pour b\u00e9n\u00e9ficier d\u2019un raid sur mesure et d\u2019un forfait personnalis\u00e9 (7 motoneiges minimum, 3 ou 4 jours de motoneige, conseill\u00e9 ) possibilit\u00e9 d\u02bcorganiser udes Raids Grand En savoir plus surRAID PERSONNALISE[...]","og_url":"https:\/\/montanaaventure.com\/index.php\/raid-personnalise-2020\/","og_site_name":"MONTANA AVENTURE","article_modified_time":"2024-09-18T09:41:28+00:00","og_image":[{"url":"http:\/\/montanaaventure.com\/wp-content\/uploads\/2017\/05\/image3441.png","type":"","width":"","height":""}],"twitter_card":"summary_large_image","twitter_misc":{"Dur\u00e9e de lecture estim\u00e9e":"3 minutes"},"schema":{"@context":"https:\/\/schema.org","@graph":[{"@type":"WebPage","@id":"https:\/\/montanaaventure.com\/index.php\/raid-personnalise-2020\/","url":"https:\/\/montanaaventure.com\/index.php\/raid-personnalise-2020\/","name":"RAID PERSONNALISE - MONTANA AVENTURE","isPartOf":{"@id":"https:\/\/montanaaventure.com\/#website"},"primaryImageOfPage":{"@id":"https:\/\/montanaaventure.com\/index.php\/raid-personnalise-2020\/#primaryimage"},"image":{"@id":"https:\/\/montanaaventure.com\/index.php\/raid-personnalise-2020\/#primaryimage"},"thumbnailUrl":"http:\/\/montanaaventure.com\/wp-content\/uploads\/2017\/05\/image3441.png","datePublished":"2017-05-07T21:05:37+00:00","dateModified":"2024-09-18T09:41:28+00:00","breadcrumb":{"@id":"https:\/\/montanaaventure.com\/index.php\/raid-personnalise-2020\/#breadcrumb"},"inLanguage":"fr-FR","potentialAction":[{"@type":"ReadAction","target":["https:\/\/montanaaventure.com\/index.php\/raid-personnalise-2020\/"]}]},{"@type":"ImageObject","inLanguage":"fr-FR","@id":"https:\/\/montanaaventure.com\/index.php\/raid-personnalise-2020\/#primaryimage","url":"http:\/\/montanaaventure.com\/wp-content\/uploads\/2017\/05\/image3441.png","contentUrl":"http:\/\/montanaaventure.com\/wp-content\/uploads\/2017\/05\/image3441.png"},{"@type":"BreadcrumbList","@id":"https:\/\/montanaaventure.com\/index.php\/raid-personnalise-2020\/#breadcrumb","itemListElement":[{"@type":"ListItem","position":1,"name":"Accueil","item":"https:\/\/montanaaventure.com\/"},{"@type":"ListItem","position":2,"name":"RAID PERSONNALISE"}]},{"@type":"WebSite","@id":"https:\/\/montanaaventure.com\/#website","url":"https:\/\/montanaaventure.com\/","name":"MONTANA AVENTURE","description":"RAID MOTONEIGE EN REGION SAUVAGE","potentialAction":[{"@type":"SearchAction","target":{"@type":"EntryPoint","urlTemplate":"https:\/\/montanaaventure.com\/?s={search_term_string}"},"query-input":{"@type":"PropertyValueSpecification","valueRequired":true,"valueName":"search_term_string"}}],"inLanguage":"fr-FR"}]}},"_links":{"self":[{"href":"https:\/\/montanaaventure.com\/index.php\/wp-json\/wp\/v2\/pages\/577","targetHints":{"allow":["GET"]}}],"collection":[{"href":"https:\/\/montanaaventure.com\/index.php\/wp-json\/wp\/v2\/pages"}],"about":[{"href":"https:\/\/montanaaventure.com\/index.php\/wp-json\/wp\/v2\/types\/page"}],"author":[{"embeddable":true,"href":"https:\/\/montanaaventure.com\/index.php\/wp-json\/wp\/v2\/users\/1"}],"replies":[{"embeddable":true,"href":"https:\/\/montanaaventure.com\/index.php\/wp-json\/wp\/v2\/comments?post=577"}],"version-history":[{"count":21,"href":"https:\/\/montanaaventure.com\/index.php\/wp-json\/wp\/v2\/pages\/577\/revisions"}],"predecessor-version":[{"id":1175,"href":"https:\/\/montanaaventure.com\/index.php\/wp-json\/wp\/v2\/pages\/577\/revisions\/1175"}],"wp:attachment":[{"href":"https:\/\/montanaaventure.com\/index.php\/wp-json\/wp\/v2\/media?parent=577"}],"curies":[{"name":"wp","href":"https:\/\/api.w.org\/{rel}","templated":true}]}}